at is 1235002 - 5?
1234553
In base 10, what is 4 - -9527?
9531
In base 9, what is -20 - -43334?
43314
In base 15, what is -381 + -8b?
-41c
In base 5, what is 422133 - 0?
422133
In base 5, what is -10 - -1312422?
1312412
In base 9, what is 205 + 6483?
6688
In base 6, what is 203114 - -34?
203152
In base 8, what is -3 + 1360124?
1360121
In base 3, what is -100 + -1112100?
-1112200
In base 11, what is -3 + 7124?
7121
In base 13, what is -5 - -1ca2c9?
1ca2c4
In base 10, what is -37931 + 3?
-37928
In base 7, what is -15022 + -126?
-15151
In base 12, what is -51b - -948?
429
In base 8, what is 4704326 - 5?
4704321
In base 14, what is 2 + -4bb66?
-4bb64
In base 3, what is -121011110 - -20?
-121011020
In base 14, what is -5 + -d82?
-d87
In base 10, what is 5 + -23027?
-23022
In base 4, what is 1 - -10301213?
10301220
In base 10, what is 34 + 45505?
45539
In base 5, what is -110 - 1042413?
-1043023
In base 13, what is c + 28601?
28610
In base 8, what is 10 + -133363?
-133353
In base 13, what is -14c6 + 630?
-b96
In base 2, what is 110111010 - -10010011?
1001001101
In base 15, what is 1a - -29c?
2b7
In base 4, what is -111310030 + -11?
-111310101
In base 8, what is 1 + 715721?
715722
In base 12, what is 3a13 - -3?
3a16
In base 2, what is -100010110 + -101100?
-101000010
In base 14, what is -329 - 650?
-979
In base 16, what is -5f224 + -d?
-5f231
In base 2, what is 11011 + 1001101101?
1010001000
In base 6, what is 1 + -1000014?
-1000013
In base 6, what is 4 + -134323?
-134315
In base 2, what is 111101010001 - -1001010?
111110011011
In base 15, what is 0 - -5043?
5043
In base 12, what is 39 - 48a?
-451
In base 3, what is 20 + 11022121100?
11022121120
In base 11, what is 55419 + -11?
55408
In base 5, what is 10024 + -14044?
-4020
In base 7, what is -6264 - 13?
-6310
In base 15, what is -c5 - 83?
-158
In base 3, what is 1122100112 - -120?
1122101002
In base 15, what is 1 + 296a?
296b
In base 7, what is 6 - 3043?
-3034
In base 7, what is -2010343 - -6?
-2010334
In base 5, what is -30331 - -433?
-24343
In base 16, what is -31 - 15df?
-1610
In base 8, what is -6641 - -20?
-6621
In base 10, what is 4 + 17280?
17284
In base 15, what is 8d3b - 4?
8d37
In base 3, what is -1201222111 + -1?
-1201222112
In base 9, what is 566017 + -4?
566013
In base 16, what is -15928 - 2?
-1592a
In base 10, what is 52016 - 35?
51981
In base 3, what is -1110120 - -120012?
-220101
In base 11, what is -2 + 19206?
19204
In base 16, what is 1275 + -1b3?
10c2
In base 12, what is -b0a79 + 0?
-b0a79
In base 8, what is 426430 + -15?
426413
In base 16, what is 1 + -20d3b?
-20d3a
In base 13, what is a78 - b0?
998
In base 10, what is 3425824 + 3?
3425827
In base 15, what is -1953 - 12?
-1965
In base 12, what is -1555 + -19?
-1572
In base 4, what is 23202 + -3233?
13303
In base 13, what is -3516a1a + 2?
-3516a18
In base 5, what is 24 + 24443440?
24444014
In base 7, what is -5 - -4533322?
4533314
In base 7, what is -312514 + 35?
-312446
In base 15, what is 6466 + -4?
6462
In base 8, what is 6 - -3047612?
3047620
In base 7, what is -3 - 443405?
-443411
In base 6, what is -4 + -4523134?
-4523142
In base 16, what is 9a0 + 2?
9a2
In base 14, what is -134 - 48?
-17c
In base 4, what is 11112 + 31113?
102231
In base 15, what is -5 - -178e7?
178e2
In base 5, what is 10 + -34224?
-34214
In base 6, what is 135 + 203?
342
In base 10, what is -67 + -9051?
-9118
In base 9, what is 2 - 1488020?
-1488017
In base 11, what is -354a26 + -5?
-354a30
In base 16, what is e - -50a?
518
In base 9, what is 640547 + 2?
640550
In base 10, what is 893379 - -1?
893380
In base 5, what is 133412020 + 0?
133412020
In base 5, what is -40230433 + 2?
-40230431
In base 4, what is 110210200 - -1?
110210201
In base 13, what is 333cc + 4?
33403
In base 16, what is 2e1 - -b47?
e28
In base 14, what is 2a44 + -5b?
29c7
In base 5, what is -3232032 + -10?
-3232042
In base 11, what is 27827 - 2?
27825
In base 13, what is -67cc + 45?
-6787
In base 16, what is 4 - -ad62?
ad66
In base 9, what is 2 - 364556?
-364554
In base 15, what is -1 - 6ed1?
-6ed2
In base 13, what is -5b + -3614?
-3672
In base 4, what is 2030 + -1102211?
-1100121
In base 13, what is -175553 - -6?
-17554a
In base 14, what is ad3cc - -2?
ad3d0
In base 14, what is 1b8 + -10a?
ac
In base 7, what is 3 - 1215500?
-1215464
In base 15, what is 625 + 323?
948
In base 10, what is -69 + -472?
-541
In base 9, what is 317 + -780?
-462
In base 3, what is -11110 + 2021110?
2010000
In base 10, what is -40 + -88599?
-88639
In base 11, what is 57 + 49802?
49859
In base 14, what is 59 - 4307?
-428c
In base 11, what is 3 - a18?
-a15
In base 5, what is -110413 + -32?
-111000
In base 10, what is -522 - 192?
-714
In base 7, what is -2 + -232551?
-232553
In base 7, what is -143 - -4300?
4124
In base 6, what is 3551 + 3421?
11412
In base 8, what is -5 + -45102?
-45107
In base 11, what is -2478 + -3?
-2480
In base 4, what is -1 + -110212032?
-110212033
In base 3, what is -11 + 102010000112?
102010000101
In base 8, what is 123565 - 2?
123563
In base 3, what is 10010202 - -1102?
10012011
In base 9, what is 2 + 118840?
118842
In base 11, what is -120 + -610?
-730
In base 2, what is -10101110111000111 + 1?
-10101110111000110
In base 2, what is 1000110010101 - -101?
1000110011010
In base 10, what is -4 - 76874?
-76878
In base 3, what is 22 - 211210211?
-211210112
In base 12, what is -28581 - -39?
-28544
In base 13, what is -228c1 + 20?
-228a1
In base 13, what is -2a3 - -4672?
439c
In base 11, what is 1396a5 + 12?
139707
In base 16, what is -1 - -4bfa?
4bf9
In base 7, what is -2036331 + 4?
-2036324
In base 10, what is -63341 - -2?
-63339
In base 10, what is -27913 + -4?
-27917
In base 12, what is -a4250b - 2?
-a42511
In base 13, what is b + -1c96?
-1c88
In base 7, what is 3 + 41000?
41003
In base 3, what is 10 + -10101101000?
-10101100220
In base 16, what is b + 6db?
6e6
In base 4, what is -210001 - 10320?
-220321
In base 12, what is -2281 - 1?
-2282
In base 16, what is -1c1c - -1b?
-1c01
In base 16, what is -7 - -15e51?
15e4a
In base 15, what is 330 - -d4?
414
In base 12, what is 19b + -491?
-2b2
In base 4, what is 20002 + -130?
13212
In base 5, what is 4 - 13430040?
-13430031
In base 14, what is -2 + 6b1c?
6b1a
In base 9, what is 2131 + 6?
2137
In base 7, what is -1 + 12666?
12665
In base 9, what is -1873 - -380?
-1483
In base 13, what is 25 - c20?
-bc8
In base 6, what is 5 - 145553?
-145544
In base 8, what is -17202 - 123?
-17325
In base 12, what is -1762 - -260?
-1502
In base 12, what is 83a4 - 1ba?
81a6
In base 15, what is 209d7 - -1?
209d8
In base 16, what is ac33b - 2?
ac339
In base 7, what is 314 - 32?
252
In base 6, what is -21053 - -14?
-21035
In base 2, what is 0 - 11001001000100001010?
-11001001000100001010
In base 4, what is -20300 + 230?
-20010
In base 14, what is -20c18 + 3?
-20c15
In base 7, what is 231 - 302?
-41
In base 13, what is 171547 - -5?
17154c
In base 10, what is -1 - -3025?
3024
In base 11, what is -a3107 - -1?
-a3106
In base 4, what is 3 - -10312212?
10312221
In base 13, what is -4 + 80679?
80675
In base 6, what is -313134 + 0?
-313134
In base 4, what is 11 - -12211322?
12211333
In base 13, what is -1218 - -6?
-1212
In base 10, what is -2 + -4360?
-4362
In base 9, what is -3576 - 705?
-4382
In base 9, what is 18525 + 7?
18533
In base 8, what is 1657 + 67?
1746
In base 12, what is 8 - 93672?
-93666
In base 12, what is -312 - 651?
-963
In base 11, what is -4 + -4697?
-46a0
In base 16, what is 160 - -ce?
22e
In base 9, what is 777 + 36?
824
In base 3, what is -121120120 - -12?
-121120101
In base 14, what is 42d80 - 5?
42d79
In base 11, what is -641 - 131?
-772
In base 2, what is 1100000000001 + 11110?
1100000011111
In base 15, what is -5d79 - -9?
-5d70
In base 13, what is 34980 - 2?
3497b
In base 13, what is -3 + -3a58a?
-3a590
In base 4, what is 10 - -1321230222?
1321230232
In base 2, what is -11101011111011 - -101?
-11101011110110
In base 3, what is 12 - -200201?
200220
In base 5, what is 2020 + -2303?
-233
In base 8, what is 0 - 3035437?
-3035437
In base 14, what is -3 - -1955?
1952
In base 16, what is 443 + -a?
439
In base 9, what is 6550 + -6?
6543
In base 12, what is 66 + -395?
-32b
In base 9, what is 0 - 4470?
-4470
In base 3, what is 10221001110 + 12?
10221001122
In